5328451 prime?
False
Is 6199873 a prime number?
True
Is 14771023 composite?
False
Is 4076143 prime?
True
Is 4285049 prime?
True
Is 16201751 a composite number?
False
Is 418447415 composite?
True
Is 4152061 prime?
True
Is 18821233 composite?
True
Is 6306487 a composite number?
True
Is 17411909 prime?
True
Is 1636751 prime?
True
Is 2543743 prime?
False
Is 170622239 a prime number?
True
Is 65136377 a composite number?
False
Is 15058253 a prime number?
False
Is 15926083 prime?
True
Is 8593051 prime?
False
Is 50999789 composite?
False
Is 610322651 a composite number?
False
Is 617134813 composite?
False
Is 21647 a prime number?
True
Is 7376279 a composite number?
False
Is 8688479 composite?
True
Is 13591967 composite?
False
Is 14740543 a composite number?
False
Is 3959027 a composite number?
False
Is 281501335 prime?
False
Is 1119179 a composite number?
False
Is 202307 a prime number?
False
Is 9420571 a composite number?
False
Is 1898947 a composite number?
True
Is 87753 composite?
True
Is 15094749 a prime number?
False
Is 3264889 prime?
False
Is 4915901 composite?
True
Is 1428611 prime?
False
Is 3499967 a prime number?
True
Is 6040757 a composite number?
True
Is 1436863 a prime number?
False
Is 54553613 a composite number?
False
Is 295786079 a composite number?
True
Is 7422131 composite?
False
Is 5616827 prime?
True
Is 17043563 a composite number?
True
Is 1290367 a composite number?
True
Is 21563639 composite?
False
Is 24345691 a prime number?
True
Is 14056961 composite?
False
Is 73473329 prime?
False
Is 531991453 a composite number?
True
Is 35542447 a composite number?
False
Is 33604826 composite?
True
Is 22618081 prime?
False
Is 86358379 a prime number?
False
Is 14369071 composite?
False
Is 346944491 a composite number?
True
Is 10413251 prime?
True
Is 552690191 a composite number?
False
Is 8997281 prime?
False
Is 9488957 a prime number?
True
Is 557633 composite?
False
Is 26728153 a prime number?
True
Is 14569579 a prime number?
False
Is 17484749 a composite number?
True
Is 2378073 a composite number?
True
Is 5611223 prime?
True
Is 23259941 composite?
False
Is 35967067 composite?
False
Is 994417 prime?
True
Is 14048843 prime?
False
Is 5059259 a prime number?
True
Is 104560814 a composite number?
True
Is 8289191 prime?
True
Is 30826111 prime?
True
Is 39992633 a composite number?
True
Is 71989433 a prime number?
True
Is 13164769 a composite number?
False
Is 7419257 prime?
False
Is 2347529 prime?
False
Is 2586743 composite?
True
Is 171948587 a composite number?
False
Is 23902979 prime?
True
Is 34927105 composite?
True
Is 44243974 a prime number?
False
Is 52202539 prime?
True
Is 24716507 a composite number?
True
Is 1018613 composite?
False
Is 3402213 prime?
False
Is 10257827 prime?
False
Is 256312967 prime?
True
Is 4665109 prime?
True
Is 433141 composite?
False
Is 78652085 a composite number?
True
Is 9310733 a prime number?
True
Is 3223237 a prime number?
False
Is 90557771 a prime number?
True
Is 345773669 a composite number?
True
Is 18656231 a composite number?
True
Is 77784431 a prime number?
True
Is 121316231 prime?
True
Is 24703193 a prime number?
False
Is 176679083 a prime number?
False
Is 387911 a prime number?
True
Is 19001893 a prime number?
True
Is 79423637 a prime number?
True
Is 153093 composite?
True
Is 7086719 a composite number?
False
Is 205398091 composite?
False
Is 154880767 composite?
False
Is 115143521 a composite number?
True
Is 23993581 prime?
True
Is 32089157 a composite number?
True
Is 190861237 a prime number?
False
Is 223481849 prime?
True
Is 171863 composite?
False
Is 2006869 prime?
True
Is 25975037 composite?
True
Is 874110597 prime?
False
Is 585587 a composite number?
False
Is 6174131 a prime number?
True
Is 559079 a composite number?
True
Is 95064797 composite?
True
Is 18865846 a prime number?
False
Is 2452859 a prime number?
True
Is 655689647 a composite number?
False
Is 77215861 a prime number?
True
Is 9630263 composite?
False
Is 53446087 composite?
False
Is 315305702 prime?
False
Is 4218853 composite?
True
Is 8970649 prime?
True
Is 66072949 a composite number?
False
Is 3759277 composite?
True
Is 443647561 prime?
False
Is 256563383 a composite number?
False
Is 13833635 prime?
False
Is 84546467 a composite number?
True
Is 1160039 prime?
True
Is 21882569 a composite number?
True
Is 22000441 composite?
False
Is 7178971 prime?
True
Is 17577707 composite?
True
Is 15581801 a prime number?
True
Is 2113841 prime?
False
Is 45078043 a composite number?
False
Is 21498073 a prime number?
False
Is 50722517 a composite number?
True
Is 22265759 a prime number?
True
Is 30059401 prime?
True
Is 17737829 a composite number?
False
Is 75659 a composite number?
False
Is 1904719 composite?
False
Is 196731839 prime?
False
Is 58729927 a prime number?
True
Is 24970381 composite?
False
Is 46613797 prime?
True
Is 1856473 a composite number?
True
Is 57688259 a composite number?
True
Is 213105619 prime?
False
Is 39566279 composite?
True
Is 51857753 a prime number?
False
Is 3282689 a prime number?
True
Is 47637745 prime?
False
Is 30505631 prime?
False
Is 282269 a composite number?
True
Is 19692319 prime?
True
Is 167953 composite?
False
Is 2262839 a composite number?
True
Is 72468749 composite?
False
Is 5403817 prime?
True
Is 5151559 prime?
False
Is 13359259 a composite number?
False
Is 428665 prime?
False
Is 226165 prime?
False
Is 16392577 a composite number?
False
Is 31733659 a prime number?
True
Is 369385 composite?
True
Is 430303 a composite number?
False
Is 21636343 composite?
True
Is 12578161 a composite number?
False
Is 86733407 a composite number?
False
Is 248274929 a prime number?
False
Is 13455577 prime?
True
Is 4481537 composite?
False
Is 2609483 a prime number?
False
Is 16591571 prime?
True
Is 465331 a prime number?
True
Is 497449 a composite number?
False
Is 35496259 prime?
False
Is 27268327 prime?
True
Is 3452203 a prime number?
True
Is 74892841 composite?
False
Is 36861754 a composite number?
True
Is 3546019 composite?
False
Is 48326129 prime?
True
Is 1227347 prime?
False
Is 619363 prime?
True
Is 27823739 a composite number?
False
Is 12515863 composite?
False
Is 35186131 composite?
False
Is 90268219 a prime number?
True
Is 46848097 a composite number?
True
Is 57163789 a prime number?
True
Is 12163331 a composite number?
False
Is 335353318 a prime number?
False
Is 143436421 prime?
True
Is 1492081 composite?
True
Is 16108301 prime?
False
Is 1061033 a prime number?
True
Is 16163753 composite?
True
Is 710715443 composite?
True
Is 1165953 a composite number?
True
Is 31589239 prime?
False
Is 36777094 a composite number?
True
Is 8489357 a prime number?
True
Is 7112701 prime?
True
Is 1641389 a prime number?
True
Is 8541674 a prime number?
False
Is 203887867 a prime number?
True
Is 3345361 composite?
False
Is 3750067 a prime number?
True
Is 340820657 prime?
True
Is 621539 composite?
True
Is 6209347 a prime number?
False
Is 39425141 a composite number?
True
Is 257877545 prime?
False
Is 21256621 a composite number?
True
Is 70829753 a prime number?
True
Is 908561 composite?
True
Is 408169 a composite number?
False
Is 15139391 a prime number?
True
Is 3445019 prime?
True
Is 153922 prime?
False
Is 238492567 prime?
True
Is 27051407 prime?
True
Is 254122811 a composite number?
False
Is 74730407 a prime number?
True
Is 6356339 prime?
False
Is 39929501 composite?
True
Is 40741621 composite?
True
Is 24387101 prime?
True
Is 185673949 composite?
True
Is 15803219 prime?
False
Is 9270743 a composite number?
False
Is 556573 composite?
False
Is 407249 prime?
True
Is 2345173 composite?
True
Is 129009553 composite?
True
Is 43668893 a composite number?
False
Is 6007123 composite?
False
Is 3061087 a prime number?
True
Is 491452483 prime?
True
Is 27253717 composite?
False
Is 6834439 a composite number?
False
Is 76275973 prime?
True
Is 122261821 a composite number?
True
Is 3072781 a composite number?
True
Is 5834747 a composite number?
True
Is 2271449 composite?
True
Is 281720027 a composite number?
False
Is 867913 a prime number?
True
Is 50121089 prime?
True
Is 3267539 prime?
False
Is 3405973 prime?
True
Is 190087 a composite number?
True
Is 1405529 prime?
True
Is 35015017 prime?
False
Is 292493471 prime?
False
Is 78954305 a prime number?
False
Is 173381686 compos